{"id":14,"date":"2022-02-06T19:47:51","date_gmt":"2022-02-06T18:47:51","guid":{"rendered":"https:\/\/psychologparadowska.pl\/?page_id=14"},"modified":"2023-01-16T16:55:35","modified_gmt":"2023-01-16T15:55:35","slug":"zakres-pomocy","status":"publish","type":"page","link":"https:\/\/psychologparadowska.pl\/","title":{"rendered":"Zakres pomocy"},"content":{"rendered":"\n<div class=\"wp-block-columns is-layout-flex wp-container-core-columns-layout-1 wp-block-columns-is-layout-flex\">\n<div class=\"wp-block-column is-layout-flow wp-block-column-is-layout-flow\">\n<figure class=\"wp-block-image size-large\"><img fetchpriority=\"high\" decoding=\"async\" width=\"1024\" height=\"576\" src=\"https:\/\/psychologparadowska.pl\/wp-content\/uploads\/2023\/01\/PIXNIO-2542866-5568x3712-1-scaled-e1673791795935-1024x576.jpg\" alt=\"\" class=\"wp-image-63\" srcset=\"https:\/\/psychologparadowska.pl\/wp-content\/uploads\/2023\/01\/PIXNIO-2542866-5568x3712-1-scaled-e1673791795935-1024x576.jpg 1024w, https:\/\/psychologparadowska.pl\/wp-content\/uploads\/2023\/01\/PIXNIO-2542866-5568x3712-1-scaled-e1673791795935-300x169.jpg 300w, https:\/\/psychologparadowska.pl\/wp-content\/uploads\/2023\/01\/PIXNIO-2542866-5568x3712-1-scaled-e1673791795935-768x432.jpg 768w, https:\/\/psychologparadowska.pl\/wp-content\/uploads\/2023\/01\/PIXNIO-2542866-5568x3712-1-scaled-e1673791795935-1536x864.jpg 1536w, https:\/\/psychologparadowska.pl\/wp-content\/uploads\/2023\/01\/PIXNIO-2542866-5568x3712-1-scaled-e1673791795935-2048x1152.jpg 2048w\" sizes=\"(max-width: 706px) 89vw, (max-width: 767px) 82vw, 740px\" \/><\/figure>\n\n\n\n<p class=\"has-text-align-center\"><strong><a href=\"https:\/\/psychologparadowska.pl\/index.php\/wsparcie-psychologiczne-dzieci-i-mlodziezy\/\">Wsparcie psychologiczne dzieci i m\u0142odzie\u017cy<\/a><\/strong><\/p>\n<\/div>\n\n\n\n<div class=\"wp-block-column is-layout-flow wp-block-column-is-layout-flow\">\n<figure class=\"wp-block-image size-large\"><img decoding=\"async\" width=\"1024\" height=\"576\" src=\"https:\/\/psychologparadowska.pl\/wp-content\/uploads\/2023\/01\/PIXNIO-1123655-1824x1026-1-1024x576.jpg\" alt=\"\" class=\"wp-image-64\"\/><\/figure>\n\n\n\n<p class=\"has-text-align-center\"><strong><a href=\"https:\/\/psychologparadowska.pl\/index.php\/wsparcie-psychologiczne-doroslych\/\">Wsparcie psychologiczne doros\u0142ych<\/a><\/strong><\/p>\n<\/div>\n<\/div>\n","protected":false},"excerpt":{"rendered":"<p>Wsparcie psychologiczne dzieci i m\u0142odzie\u017cy Wsparcie psychologiczne doros\u0142ych<\/p>\n","protected":false},"author":1,"featured_media":0,"parent":0,"menu_order":0,"comment_status":"closed","ping_status":"closed","template":"","meta":{"footnotes":""},"yoast_head":"<!-- This site is optimized with the Yoast SEO plugin v22.3 - https:\/\/yoast.com\/wordpress\/plugins\/seo\/ -->\n<title>Zakres pomocy - psychologparadowska.pl<\/title>\n<meta name=\"robots\" content=\"index, follow, max-snippet:-1, max-image-preview:large, max-video-preview:-1\" \/>\n<link rel=\"canonical\" href=\"https:\/\/psychologparadowska.pl\/\" \/>\n<meta property=\"og:locale\" content=\"pl_PL\" \/>\n<meta property=\"og:type\" content=\"article\" \/>\n<meta property=\"og:title\" content=\"Zakres pomocy - psychologparadowska.pl\" \/>\n<meta property=\"og:description\" content=\"Wsparcie psychologiczne dzieci i m\u0142odzie\u017cy Wsparcie psychologiczne doros\u0142ych\" \/>\n<meta property=\"og:url\" content=\"https:\/\/psychologparadowska.pl\/\" \/>\n<meta property=\"og:site_name\" content=\"psychologparadowska.pl\" \/>\n<meta property=\"article:modified_time\" content=\"2023-01-16T15:55:35+00:00\" \/>\n<meta property=\"og:image\" content=\"http:\/\/psychologparadowska.pl\/wp-content\/uploads\/2023\/01\/PIXNIO-2542866-5568x3712-1-scaled-e1673791795935-1024x576.jpg\" \/>\n<meta name=\"twitter:card\" content=\"summary_large_image\" \/>\n<meta name=\"twitter:label1\" content=\"Szacowany czas czytania\" \/>\n\t<meta name=\"twitter:data1\" content=\"1 minuta\" \/>\n<script type=\"application\/ld+json\" class=\"yoast-schema-graph\">{\"@context\":\"https:\/\/schema.org\",\"@graph\":[{\"@type\":\"WebPage\",\"@id\":\"https:\/\/psychologparadowska.pl\/\",\"url\":\"https:\/\/psychologparadowska.pl\/\",\"name\":\"Zakres pomocy - psychologparadowska.pl\",\"isPartOf\":{\"@id\":\"https:\/\/psychologparadowska.pl\/#website\"},\"primaryImageOfPage\":{\"@id\":\"https:\/\/psychologparadowska.pl\/#primaryimage\"},\"image\":{\"@id\":\"https:\/\/psychologparadowska.pl\/#primaryimage\"},\"thumbnailUrl\":\"http:\/\/psychologparadowska.pl\/wp-content\/uploads\/2023\/01\/PIXNIO-2542866-5568x3712-1-scaled-e1673791795935-1024x576.jpg\",\"datePublished\":\"2022-02-06T18:47:51+00:00\",\"dateModified\":\"2023-01-16T15:55:35+00:00\",\"breadcrumb\":{\"@id\":\"https:\/\/psychologparadowska.pl\/#breadcrumb\"},\"inLanguage\":\"pl-PL\",\"potentialAction\":[{\"@type\":\"ReadAction\",\"target\":[\"https:\/\/psychologparadowska.pl\/\"]}]},{\"@type\":\"ImageObject\",\"inLanguage\":\"pl-PL\",\"@id\":\"https:\/\/psychologparadowska.pl\/#primaryimage\",\"url\":\"https:\/\/psychologparadowska.pl\/wp-content\/uploads\/2023\/01\/PIXNIO-2542866-5568x3712-1-scaled-e1673791795935.jpg\",\"contentUrl\":\"https:\/\/psychologparadowska.pl\/wp-content\/uploads\/2023\/01\/PIXNIO-2542866-5568x3712-1-scaled-e1673791795935.jpg\",\"width\":2560,\"height\":1440},{\"@type\":\"BreadcrumbList\",\"@id\":\"https:\/\/psychologparadowska.pl\/#breadcrumb\",\"itemListElement\":[{\"@type\":\"ListItem\",\"position\":1,\"name\":\"Strona g\u0142\u00f3wna\",\"item\":\"https:\/\/psychologparadowska.pl\/\"},{\"@type\":\"ListItem\",\"position\":2,\"name\":\"Zakres pomocy\"}]},{\"@type\":\"WebSite\",\"@id\":\"https:\/\/psychologparadowska.pl\/#website\",\"url\":\"https:\/\/psychologparadowska.pl\/\",\"name\":\"psychologparadowska.pl\",\"description\":\"psycholog - wsparcie dla dzieci, m\u0142odzie\u017cy i doros\u0142ych\",\"publisher\":{\"@id\":\"https:\/\/psychologparadowska.pl\/#\/schema\/person\/40069f7c5ba80d6a3e801dc43f68cb49\"},\"potentialAction\":[{\"@type\":\"SearchAction\",\"target\":{\"@type\":\"EntryPoint\",\"urlTemplate\":\"https:\/\/psychologparadowska.pl\/?s={search_term_string}\"},\"query-input\":\"required name=search_term_string\"}],\"inLanguage\":\"pl-PL\"},{\"@type\":[\"Person\",\"Organization\"],\"@id\":\"https:\/\/psychologparadowska.pl\/#\/schema\/person\/40069f7c5ba80d6a3e801dc43f68cb49\",\"name\":\"Magdalena Paradowska\",\"image\":{\"@type\":\"ImageObject\",\"inLanguage\":\"pl-PL\",\"@id\":\"https:\/\/psychologparadowska.pl\/#\/schema\/person\/image\/\",\"url\":\"https:\/\/psychologparadowska.pl\/wp-content\/uploads\/2022\/02\/Paradowska-Magdalena-1-Stoklosa-scaled.jpg\",\"contentUrl\":\"https:\/\/psychologparadowska.pl\/wp-content\/uploads\/2022\/02\/Paradowska-Magdalena-1-Stoklosa-scaled.jpg\",\"width\":1846,\"height\":2560,\"caption\":\"Magdalena Paradowska\"},\"logo\":{\"@id\":\"https:\/\/psychologparadowska.pl\/#\/schema\/person\/image\/\"},\"sameAs\":[\"http:\/\/psychologparadowska.pl\"]}]}<\/script>\n<!-- \/ Yoast SEO plugin. -->","yoast_head_json":{"title":"Zakres pomocy - psychologparadowska.pl","robots":{"index":"index","follow":"follow","max-snippet":"max-snippet:-1","max-image-preview":"max-image-preview:large","max-video-preview":"max-video-preview:-1"},"canonical":"https:\/\/psychologparadowska.pl\/","og_locale":"pl_PL","og_type":"article","og_title":"Zakres pomocy - psychologparadowska.pl","og_description":"Wsparcie psychologiczne dzieci i m\u0142odzie\u017cy Wsparcie psychologiczne doros\u0142ych","og_url":"https:\/\/psychologparadowska.pl\/","og_site_name":"psychologparadowska.pl","article_modified_time":"2023-01-16T15:55:35+00:00","og_image":[{"url":"http:\/\/psychologparadowska.pl\/wp-content\/uploads\/2023\/01\/PIXNIO-2542866-5568x3712-1-scaled-e1673791795935-1024x576.jpg"}],"twitter_card":"summary_large_image","twitter_misc":{"Szacowany czas czytania":"1 minuta"},"schema":{"@context":"https:\/\/schema.org","@graph":[{"@type":"WebPage","@id":"https:\/\/psychologparadowska.pl\/","url":"https:\/\/psychologparadowska.pl\/","name":"Zakres pomocy - psychologparadowska.pl","isPartOf":{"@id":"https:\/\/psychologparadowska.pl\/#website"},"primaryImageOfPage":{"@id":"https:\/\/psychologparadowska.pl\/#primaryimage"},"image":{"@id":"https:\/\/psychologparadowska.pl\/#primaryimage"},"thumbnailUrl":"http:\/\/psychologparadowska.pl\/wp-content\/uploads\/2023\/01\/PIXNIO-2542866-5568x3712-1-scaled-e1673791795935-1024x576.jpg","datePublished":"2022-02-06T18:47:51+00:00","dateModified":"2023-01-16T15:55:35+00:00","breadcrumb":{"@id":"https:\/\/psychologparadowska.pl\/#breadcrumb"},"inLanguage":"pl-PL","potentialAction":[{"@type":"ReadAction","target":["https:\/\/psychologparadowska.pl\/"]}]},{"@type":"ImageObject","inLanguage":"pl-PL","@id":"https:\/\/psychologparadowska.pl\/#primaryimage","url":"https:\/\/psychologparadowska.pl\/wp-content\/uploads\/2023\/01\/PIXNIO-2542866-5568x3712-1-scaled-e1673791795935.jpg","contentUrl":"https:\/\/psychologparadowska.pl\/wp-content\/uploads\/2023\/01\/PIXNIO-2542866-5568x3712-1-scaled-e1673791795935.jpg","width":2560,"height":1440},{"@type":"BreadcrumbList","@id":"https:\/\/psychologparadowska.pl\/#breadcrumb","itemListElement":[{"@type":"ListItem","position":1,"name":"Strona g\u0142\u00f3wna","item":"https:\/\/psychologparadowska.pl\/"},{"@type":"ListItem","position":2,"name":"Zakres pomocy"}]},{"@type":"WebSite","@id":"https:\/\/psychologparadowska.pl\/#website","url":"https:\/\/psychologparadowska.pl\/","name":"psychologparadowska.pl","description":"psycholog - wsparcie dla dzieci, m\u0142odzie\u017cy i doros\u0142ych","publisher":{"@id":"https:\/\/psychologparadowska.pl\/#\/schema\/person\/40069f7c5ba80d6a3e801dc43f68cb49"},"potentialAction":[{"@type":"SearchAction","target":{"@type":"EntryPoint","urlTemplate":"https:\/\/psychologparadowska.pl\/?s={search_term_string}"},"query-input":"required name=search_term_string"}],"inLanguage":"pl-PL"},{"@type":["Person","Organization"],"@id":"https:\/\/psychologparadowska.pl\/#\/schema\/person\/40069f7c5ba80d6a3e801dc43f68cb49","name":"Magdalena Paradowska","image":{"@type":"ImageObject","inLanguage":"pl-PL","@id":"https:\/\/psychologparadowska.pl\/#\/schema\/person\/image\/","url":"https:\/\/psychologparadowska.pl\/wp-content\/uploads\/2022\/02\/Paradowska-Magdalena-1-Stoklosa-scaled.jpg","contentUrl":"https:\/\/psychologparadowska.pl\/wp-content\/uploads\/2022\/02\/Paradowska-Magdalena-1-Stoklosa-scaled.jpg","width":1846,"height":2560,"caption":"Magdalena Paradowska"},"logo":{"@id":"https:\/\/psychologparadowska.pl\/#\/schema\/person\/image\/"},"sameAs":["http:\/\/psychologparadowska.pl"]}]}},"_links":{"self":[{"href":"https:\/\/psychologparadowska.pl\/index.php\/wp-json\/wp\/v2\/pages\/14"}],"collection":[{"href":"https:\/\/psychologparadowska.pl\/index.php\/wp-json\/wp\/v2\/pages"}],"about":[{"href":"https:\/\/psychologparadowska.pl\/index.php\/wp-json\/wp\/v2\/types\/page"}],"author":[{"embeddable":true,"href":"https:\/\/psychologparadowska.pl\/index.php\/wp-json\/wp\/v2\/users\/1"}],"replies":[{"embeddable":true,"href":"https:\/\/psychologparadowska.pl\/index.php\/wp-json\/wp\/v2\/comments?post=14"}],"version-history":[{"count":15,"href":"https:\/\/psychologparadowska.pl\/index.php\/wp-json\/wp\/v2\/pages\/14\/revisions"}],"predecessor-version":[{"id":92,"href":"https:\/\/psychologparadowska.pl\/index.php\/wp-json\/wp\/v2\/pages\/14\/revisions\/92"}],"wp:attachment":[{"href":"https:\/\/psychologparadowska.pl\/index.php\/wp-json\/wp\/v2\/media?parent=14"}],"curies":[{"name":"wp","href":"https:\/\/api.w.org\/{rel}","templated":true}]}}