{"id":23,"date":"2022-02-06T20:37:17","date_gmt":"2022-02-06T19:37:17","guid":{"rendered":"https:\/\/psychologparadowska.pl\/?page_id=23"},"modified":"2024-03-24T22:13:46","modified_gmt":"2024-03-24T21:13:46","slug":"o-mnie","status":"publish","type":"page","link":"https:\/\/psychologparadowska.pl\/index.php\/o-mnie\/","title":{"rendered":"O mnie"},"content":{"rendered":"\t\t<div data-elementor-type=\"wp-page\" data-elementor-id=\"23\" class=\"elementor elementor-23\">\n\t\t\t\t\t\t<section class=\"elementor-section elementor-top-section elementor-element elementor-element-8b80182 elementor-section-boxed elementor-section-height-default elementor-section-height-default\" data-id=\"8b80182\" data-element_type=\"section\">\n\t\t\t\t\t\t<div class=\"elementor-container elementor-column-gap-default\">\n\t\t\t\t\t<div class=\"elementor-column elementor-col-50 elementor-top-column elementor-element elementor-element-7cc79ff\" data-id=\"7cc79ff\" data-element_type=\"column\">\n\t\t\t<div class=\"elementor-widget-wrap\">\n\t\t\t\t\t\t\t<\/div>\n\t\t<\/div>\n\t\t\t\t<div class=\"elementor-column elementor-col-50 elementor-top-column elementor-element elementor-element-4264b36\" data-id=\"4264b36\" data-element_type=\"column\">\n\t\t\t<div class=\"elementor-widget-wrap\">\n\t\t\t\t\t\t\t<\/div>\n\t\t<\/div>\n\t\t\t\t\t<\/div>\n\t\t<\/section>\n\t\t\t\t<section class=\"elementor-section elementor-top-section elementor-element elementor-element-132552a elementor-section-boxed elementor-section-height-default elementor-section-height-default\" data-id=\"132552a\" data-element_type=\"section\">\n\t\t\t\t\t\t<div class=\"elementor-container elementor-column-gap-default\">\n\t\t\t\t\t<div class=\"elementor-column elementor-col-50 elementor-top-column elementor-element elementor-element-534083f\" data-id=\"534083f\" data-element_type=\"column\">\n\t\t\t<div class=\"elementor-widget-wrap elementor-element-populated\">\n\t\t\t\t\t\t<div class=\"elementor-element elementor-element-a19fd7c elementor-widget elementor-widget-text-editor\" data-id=\"a19fd7c\" data-element_type=\"widget\" data-widget_type=\"text-editor.default\">\n\t\t\t\t<div class=\"elementor-widget-container\">\n\t\t\t<style>\/*! elementor - v3.19.0 - 07-02-2024 *\/\n.elementor-widget-text-editor.elementor-drop-cap-view-stacked .elementor-drop-cap{background-color:#69727d;color:#fff}.elementor-widget-text-editor.elementor-drop-cap-view-framed .elementor-drop-cap{color:#69727d;border:3px solid;background-color:transparent}.elementor-widget-text-editor:not(.elementor-drop-cap-view-default) .elementor-drop-cap{margin-top:8px}.elementor-widget-text-editor:not(.elementor-drop-cap-view-default) .elementor-drop-cap-letter{width:1em;height:1em}.elementor-widget-text-editor .elementor-drop-cap{float:left;text-align:center;line-height:1;font-size:50px}.elementor-widget-text-editor .elementor-drop-cap-letter{display:inline-block}<\/style>\t\t\t\t<p>Jestem dyplomowanym psychologiem, absolwentk\u0105 Uniwersytetu Kazimierza Wielkiego w Bydgoszczy.<\/p>\n<p>Na co dzie\u0144 pracuj\u0119 z dzie\u0107mi, m\u0142odzie\u017c\u0105 oraz ich rodzinami w Szkole Podstawowej.<\/p>\n<p><span style=\"color: var( --e-global-color-text ); font-family: var( --e-global-typography-text-font-family ), Sans-serif; font-weight: var( --e-global-typography-text-font-weight ); font-size: 1rem;\">Do\u015bwiadczenie zawodowe zdobywa\u0142am pracuj\u0105c w \u015arodowiskowym Domu Samopomocy, Szko\u0142ach Podstawowych\u00a0 oraz plac\u00f3wkach Wczesnego Wspomagania Rozwoju Dziecka oraz O\u015brodku \u015arodowiskowej Opieki Psychologicznej i Psychoterapeutycznej dla Dzieci i M\u0142odzie\u017cy REMEDIS PRO. Tak\u017ce prowadz\u0105c warsztaty z zakresu rozwijania kompetencji emocjonalno \u2013 spo\u0142ecznych dla dzieci i os\u00f3b doros\u0142ych.<\/span><\/p>\t\t\t\t\t\t<\/div>\n\t\t\t\t<\/div>\n\t\t\t\t\t<\/div>\n\t\t<\/div>\n\t\t\t\t<div class=\"elementor-column elementor-col-50 elementor-top-column elementor-element elementor-element-ebdf455\" data-id=\"ebdf455\" data-element_type=\"column\">\n\t\t\t<div class=\"elementor-widget-wrap elementor-element-populated\">\n\t\t\t\t\t\t<div class=\"elementor-element elementor-element-2722ae9 elementor-widget elementor-widget-image\" data-id=\"2722ae9\" data-element_type=\"widget\" data-widget_type=\"image.default\">\n\t\t\t\t<div class=\"elementor-widget-container\">\n\t\t\t<style>\/*! elementor - v3.19.0 - 07-02-2024 *\/\n.elementor-widget-image{text-align:center}.elementor-widget-image a{display:inline-block}.elementor-widget-image a img[src$=\".svg\"]{width:48px}.elementor-widget-image img{vertical-align:middle;display:inline-block}<\/style>\t\t\t\t\t\t\t\t\t\t<img fetchpriority=\"high\" decoding=\"async\" width=\"525\" height=\"728\" src=\"https:\/\/psychologparadowska.pl\/wp-content\/uploads\/2022\/02\/Paradowska-Magdalena-1-Stoklosa-738x1024.jpg\" class=\"attachment-large size-large wp-image-26\" alt=\"\" srcset=\"https:\/\/psychologparadowska.pl\/wp-content\/uploads\/2022\/02\/Paradowska-Magdalena-1-Stoklosa-738x1024.jpg 738w, https:\/\/psychologparadowska.pl\/wp-content\/uploads\/2022\/02\/Paradowska-Magdalena-1-Stoklosa-216x300.jpg 216w, https:\/\/psychologparadowska.pl\/wp-content\/uploads\/2022\/02\/Paradowska-Magdalena-1-Stoklosa-768x1065.jpg 768w, https:\/\/psychologparadowska.pl\/wp-content\/uploads\/2022\/02\/Paradowska-Magdalena-1-Stoklosa-1108x1536.jpg 1108w, https:\/\/psychologparadowska.pl\/wp-content\/uploads\/2022\/02\/Paradowska-Magdalena-1-Stoklosa-1477x2048.jpg 1477w, https:\/\/psychologparadowska.pl\/wp-content\/uploads\/2022\/02\/Paradowska-Magdalena-1-Stoklosa-scaled.jpg 1846w\" sizes=\"100vw\" \/>\t\t\t\t\t\t\t\t\t\t\t\t\t<\/div>\n\t\t\t\t<\/div>\n\t\t\t\t\t<\/div>\n\t\t<\/div>\n\t\t\t\t\t<\/div>\n\t\t<\/section>\n\t\t\t\t<section class=\"elementor-section elementor-top-section elementor-element elementor-element-cb8a3e9 elementor-section-boxed elementor-section-height-default elementor-section-height-default\" data-id=\"cb8a3e9\" data-element_type=\"section\">\n\t\t\t\t\t\t<div class=\"elementor-container elementor-column-gap-default\">\n\t\t\t\t\t<div class=\"elementor-column elementor-col-100 elementor-top-column elementor-element elementor-element-87fe586\" data-id=\"87fe586\" data-element_type=\"column\">\n\t\t\t<div class=\"elementor-widget-wrap elementor-element-populated\">\n\t\t\t\t\t\t<div class=\"elementor-element elementor-element-3deb6d8 elementor-widget elementor-widget-text-editor\" data-id=\"3deb6d8\" data-element_type=\"widget\" data-widget_type=\"text-editor.default\">\n\t\t\t\t<div class=\"elementor-widget-container\">\n\t\t\t\t\t\t\t<p>Systematycznie podnosz\u0119 swoj\u0105 wiedz\u0119 i umiej\u0119tno\u015bci uczestnicz\u0105c w kursach i szkoleniach:<\/p>\n<ul style=\"box-sizing: inherit; color: #333333; font-family: 'Libre Franklin', 'Helvetica Neue', helvetica, arial, sans-serif;\">\n<li style=\"box-sizing: inherit;\">Szkolenie \u201eTerapia skoncentrowana na rozwi\u0105zaniach \u2013 kurs podstawowy\u201d zorganizowane przez Centrum Rozwi\u0105za\u0144 w Toruniu<\/li>\n<li style=\"box-sizing: inherit;\">szkolenie \u201eTrening umiej\u0119tno\u015bci spo\u0142ecznych\u201d zorganizowane przez Ma\u0142opolskie Centrum Profilaktyki.<\/li>\n<li style=\"box-sizing: inherit;\">szkolenie \u201eDam rad\u0119\u201d oraz \u201eJestem z Ciebie dumny\u201d zorganizowane przez Laboratorium Edukacji i Terapii SR w Warszawie.<\/li>\n<\/ul>\n<div>\u00a0<\/div>\t\t\t\t\t\t<\/div>\n\t\t\t\t<\/div>\n\t\t\t\t\t<\/div>\n\t\t<\/div>\n\t\t\t\t\t<\/div>\n\t\t<\/section>\n\t\t\t\t<\/div>\n\t\t","protected":false},"excerpt":{"rendered":"<p>Jestem dyplomowanym psychologiem, absolwentk\u0105 Uniwersytetu Kazimierza Wielkiego w Bydgoszczy. Na co dzie\u0144 pracuj\u0119 z dzie\u0107mi, m\u0142odzie\u017c\u0105 oraz ich rodzinami w Szkole Podstawowej. Do\u015bwiadczenie zawodowe zdobywa\u0142am pracuj\u0105c w \u015arodowiskowym Domu Samopomocy, Szko\u0142ach Podstawowych\u00a0 oraz plac\u00f3wkach Wczesnego Wspomagania Rozwoju Dziecka oraz O\u015brodku \u015arodowiskowej Opieki Psychologicznej i Psychoterapeutycznej dla Dzieci i M\u0142odzie\u017cy REMEDIS PRO. Tak\u017ce prowadz\u0105c warsztaty z &hellip; <\/p>\n<p class=\"link-more\"><a href=\"https:\/\/psychologparadowska.pl\/index.php\/o-mnie\/\" class=\"more-link\">Czytaj dalej<span class=\"screen-reader-text\"> \u201eO mnie\u201d<\/span><\/a><\/p>\n","protected":false},"author":1,"featured_media":0,"parent":0,"menu_order":0,"comment_status":"closed","ping_status":"closed","template":"","meta":{"footnotes":""},"yoast_head":"<!-- This site is optimized with the Yoast SEO plugin v22.3 - https:\/\/yoast.com\/wordpress\/plugins\/seo\/ -->\n<title>O mnie - psychologparadowska.pl<\/title>\n<meta name=\"robots\" content=\"index, follow, max-snippet:-1, max-image-preview:large, max-video-preview:-1\" \/>\n<link rel=\"canonical\" href=\"https:\/\/psychologparadowska.pl\/index.php\/o-mnie\/\" \/>\n<meta property=\"og:locale\" content=\"pl_PL\" \/>\n<meta property=\"og:type\" content=\"article\" \/>\n<meta property=\"og:title\" content=\"O mnie - psychologparadowska.pl\" \/>\n<meta property=\"og:description\" content=\"Jestem dyplomowanym psychologiem, absolwentk\u0105 Uniwersytetu Kazimierza Wielkiego w Bydgoszczy. Na co dzie\u0144 pracuj\u0119 z dzie\u0107mi, m\u0142odzie\u017c\u0105 oraz ich rodzinami w Szkole Podstawowej. Do\u015bwiadczenie zawodowe zdobywa\u0142am pracuj\u0105c w \u015arodowiskowym Domu Samopomocy, Szko\u0142ach Podstawowych\u00a0 oraz plac\u00f3wkach Wczesnego Wspomagania Rozwoju Dziecka oraz O\u015brodku \u015arodowiskowej Opieki Psychologicznej i Psychoterapeutycznej dla Dzieci i M\u0142odzie\u017cy REMEDIS PRO. Tak\u017ce prowadz\u0105c warsztaty z &hellip; Czytaj dalej \u201eO mnie\u201d\" \/>\n<meta property=\"og:url\" content=\"https:\/\/psychologparadowska.pl\/index.php\/o-mnie\/\" \/>\n<meta property=\"og:site_name\" content=\"psychologparadowska.pl\" \/>\n<meta property=\"article:modified_time\" content=\"2024-03-24T21:13:46+00:00\" \/>\n<meta property=\"og:image\" content=\"http:\/\/psychologparadowska.pl\/wp-content\/uploads\/2022\/02\/Paradowska-Magdalena-1-Stoklosa-738x1024.jpg\" \/>\n<meta name=\"twitter:card\" content=\"summary_large_image\" \/>\n<meta name=\"twitter:label1\" content=\"Szacowany czas czytania\" \/>\n\t<meta name=\"twitter:data1\" content=\"2 minuty\" \/>\n<script type=\"application\/ld+json\" class=\"yoast-schema-graph\">{\"@context\":\"https:\/\/schema.org\",\"@graph\":[{\"@type\":\"WebPage\",\"@id\":\"https:\/\/psychologparadowska.pl\/index.php\/o-mnie\/\",\"url\":\"https:\/\/psychologparadowska.pl\/index.php\/o-mnie\/\",\"name\":\"O mnie - psychologparadowska.pl\",\"isPartOf\":{\"@id\":\"https:\/\/psychologparadowska.pl\/#website\"},\"primaryImageOfPage\":{\"@id\":\"https:\/\/psychologparadowska.pl\/index.php\/o-mnie\/#primaryimage\"},\"image\":{\"@id\":\"https:\/\/psychologparadowska.pl\/index.php\/o-mnie\/#primaryimage\"},\"thumbnailUrl\":\"http:\/\/psychologparadowska.pl\/wp-content\/uploads\/2022\/02\/Paradowska-Magdalena-1-Stoklosa-738x1024.jpg\",\"datePublished\":\"2022-02-06T19:37:17+00:00\",\"dateModified\":\"2024-03-24T21:13:46+00:00\",\"breadcrumb\":{\"@id\":\"https:\/\/psychologparadowska.pl\/index.php\/o-mnie\/#breadcrumb\"},\"inLanguage\":\"pl-PL\",\"potentialAction\":[{\"@type\":\"ReadAction\",\"target\":[\"https:\/\/psychologparadowska.pl\/index.php\/o-mnie\/\"]}]},{\"@type\":\"ImageObject\",\"inLanguage\":\"pl-PL\",\"@id\":\"https:\/\/psychologparadowska.pl\/index.php\/o-mnie\/#primaryimage\",\"url\":\"http:\/\/psychologparadowska.pl\/wp-content\/uploads\/2022\/02\/Paradowska-Magdalena-1-Stoklosa-738x1024.jpg\",\"contentUrl\":\"http:\/\/psychologparadowska.pl\/wp-content\/uploads\/2022\/02\/Paradowska-Magdalena-1-Stoklosa-738x1024.jpg\"},{\"@type\":\"BreadcrumbList\",\"@id\":\"https:\/\/psychologparadowska.pl\/index.php\/o-mnie\/#breadcrumb\",\"itemListElement\":[{\"@type\":\"ListItem\",\"position\":1,\"name\":\"Strona g\u0142\u00f3wna\",\"item\":\"https:\/\/psychologparadowska.pl\/\"},{\"@type\":\"ListItem\",\"position\":2,\"name\":\"O mnie\"}]},{\"@type\":\"WebSite\",\"@id\":\"https:\/\/psychologparadowska.pl\/#website\",\"url\":\"https:\/\/psychologparadowska.pl\/\",\"name\":\"psychologparadowska.pl\",\"description\":\"psycholog - wsparcie dla dzieci, m\u0142odzie\u017cy i doros\u0142ych\",\"publisher\":{\"@id\":\"https:\/\/psychologparadowska.pl\/#\/schema\/person\/40069f7c5ba80d6a3e801dc43f68cb49\"},\"potentialAction\":[{\"@type\":\"SearchAction\",\"target\":{\"@type\":\"EntryPoint\",\"urlTemplate\":\"https:\/\/psychologparadowska.pl\/?s={search_term_string}\"},\"query-input\":\"required name=search_term_string\"}],\"inLanguage\":\"pl-PL\"},{\"@type\":[\"Person\",\"Organization\"],\"@id\":\"https:\/\/psychologparadowska.pl\/#\/schema\/person\/40069f7c5ba80d6a3e801dc43f68cb49\",\"name\":\"Magdalena Paradowska\",\"image\":{\"@type\":\"ImageObject\",\"inLanguage\":\"pl-PL\",\"@id\":\"https:\/\/psychologparadowska.pl\/#\/schema\/person\/image\/\",\"url\":\"https:\/\/psychologparadowska.pl\/wp-content\/uploads\/2022\/02\/Paradowska-Magdalena-1-Stoklosa-scaled.jpg\",\"contentUrl\":\"https:\/\/psychologparadowska.pl\/wp-content\/uploads\/2022\/02\/Paradowska-Magdalena-1-Stoklosa-scaled.jpg\",\"width\":1846,\"height\":2560,\"caption\":\"Magdalena Paradowska\"},\"logo\":{\"@id\":\"https:\/\/psychologparadowska.pl\/#\/schema\/person\/image\/\"},\"sameAs\":[\"http:\/\/psychologparadowska.pl\"]}]}<\/script>\n<!-- \/ Yoast SEO plugin. -->","yoast_head_json":{"title":"O mnie - psychologparadowska.pl","robots":{"index":"index","follow":"follow","max-snippet":"max-snippet:-1","max-image-preview":"max-image-preview:large","max-video-preview":"max-video-preview:-1"},"canonical":"https:\/\/psychologparadowska.pl\/index.php\/o-mnie\/","og_locale":"pl_PL","og_type":"article","og_title":"O mnie - psychologparadowska.pl","og_description":"Jestem dyplomowanym psychologiem, absolwentk\u0105 Uniwersytetu Kazimierza Wielkiego w Bydgoszczy. Na co dzie\u0144 pracuj\u0119 z dzie\u0107mi, m\u0142odzie\u017c\u0105 oraz ich rodzinami w Szkole Podstawowej. Do\u015bwiadczenie zawodowe zdobywa\u0142am pracuj\u0105c w \u015arodowiskowym Domu Samopomocy, Szko\u0142ach Podstawowych\u00a0 oraz plac\u00f3wkach Wczesnego Wspomagania Rozwoju Dziecka oraz O\u015brodku \u015arodowiskowej Opieki Psychologicznej i Psychoterapeutycznej dla Dzieci i M\u0142odzie\u017cy REMEDIS PRO. Tak\u017ce prowadz\u0105c warsztaty z &hellip; Czytaj dalej \u201eO mnie\u201d","og_url":"https:\/\/psychologparadowska.pl\/index.php\/o-mnie\/","og_site_name":"psychologparadowska.pl","article_modified_time":"2024-03-24T21:13:46+00:00","og_image":[{"url":"http:\/\/psychologparadowska.pl\/wp-content\/uploads\/2022\/02\/Paradowska-Magdalena-1-Stoklosa-738x1024.jpg"}],"twitter_card":"summary_large_image","twitter_misc":{"Szacowany czas czytania":"2 minuty"},"schema":{"@context":"https:\/\/schema.org","@graph":[{"@type":"WebPage","@id":"https:\/\/psychologparadowska.pl\/index.php\/o-mnie\/","url":"https:\/\/psychologparadowska.pl\/index.php\/o-mnie\/","name":"O mnie - psychologparadowska.pl","isPartOf":{"@id":"https:\/\/psychologparadowska.pl\/#website"},"primaryImageOfPage":{"@id":"https:\/\/psychologparadowska.pl\/index.php\/o-mnie\/#primaryimage"},"image":{"@id":"https:\/\/psychologparadowska.pl\/index.php\/o-mnie\/#primaryimage"},"thumbnailUrl":"http:\/\/psychologparadowska.pl\/wp-content\/uploads\/2022\/02\/Paradowska-Magdalena-1-Stoklosa-738x1024.jpg","datePublished":"2022-02-06T19:37:17+00:00","dateModified":"2024-03-24T21:13:46+00:00","breadcrumb":{"@id":"https:\/\/psychologparadowska.pl\/index.php\/o-mnie\/#breadcrumb"},"inLanguage":"pl-PL","potentialAction":[{"@type":"ReadAction","target":["https:\/\/psychologparadowska.pl\/index.php\/o-mnie\/"]}]},{"@type":"ImageObject","inLanguage":"pl-PL","@id":"https:\/\/psychologparadowska.pl\/index.php\/o-mnie\/#primaryimage","url":"http:\/\/psychologparadowska.pl\/wp-content\/uploads\/2022\/02\/Paradowska-Magdalena-1-Stoklosa-738x1024.jpg","contentUrl":"http:\/\/psychologparadowska.pl\/wp-content\/uploads\/2022\/02\/Paradowska-Magdalena-1-Stoklosa-738x1024.jpg"},{"@type":"BreadcrumbList","@id":"https:\/\/psychologparadowska.pl\/index.php\/o-mnie\/#breadcrumb","itemListElement":[{"@type":"ListItem","position":1,"name":"Strona g\u0142\u00f3wna","item":"https:\/\/psychologparadowska.pl\/"},{"@type":"ListItem","position":2,"name":"O mnie"}]},{"@type":"WebSite","@id":"https:\/\/psychologparadowska.pl\/#website","url":"https:\/\/psychologparadowska.pl\/","name":"psychologparadowska.pl","description":"psycholog - wsparcie dla dzieci, m\u0142odzie\u017cy i doros\u0142ych","publisher":{"@id":"https:\/\/psychologparadowska.pl\/#\/schema\/person\/40069f7c5ba80d6a3e801dc43f68cb49"},"potentialAction":[{"@type":"SearchAction","target":{"@type":"EntryPoint","urlTemplate":"https:\/\/psychologparadowska.pl\/?s={search_term_string}"},"query-input":"required name=search_term_string"}],"inLanguage":"pl-PL"},{"@type":["Person","Organization"],"@id":"https:\/\/psychologparadowska.pl\/#\/schema\/person\/40069f7c5ba80d6a3e801dc43f68cb49","name":"Magdalena Paradowska","image":{"@type":"ImageObject","inLanguage":"pl-PL","@id":"https:\/\/psychologparadowska.pl\/#\/schema\/person\/image\/","url":"https:\/\/psychologparadowska.pl\/wp-content\/uploads\/2022\/02\/Paradowska-Magdalena-1-Stoklosa-scaled.jpg","contentUrl":"https:\/\/psychologparadowska.pl\/wp-content\/uploads\/2022\/02\/Paradowska-Magdalena-1-Stoklosa-scaled.jpg","width":1846,"height":2560,"caption":"Magdalena Paradowska"},"logo":{"@id":"https:\/\/psychologparadowska.pl\/#\/schema\/person\/image\/"},"sameAs":["http:\/\/psychologparadowska.pl"]}]}},"_links":{"self":[{"href":"https:\/\/psychologparadowska.pl\/index.php\/wp-json\/wp\/v2\/pages\/23"}],"collection":[{"href":"https:\/\/psychologparadowska.pl\/index.php\/wp-json\/wp\/v2\/pages"}],"about":[{"href":"https:\/\/psychologparadowska.pl\/index.php\/wp-json\/wp\/v2\/types\/page"}],"author":[{"embeddable":true,"href":"https:\/\/psychologparadowska.pl\/index.php\/wp-json\/wp\/v2\/users\/1"}],"replies":[{"embeddable":true,"href":"https:\/\/psychologparadowska.pl\/index.php\/wp-json\/wp\/v2\/comments?post=23"}],"version-history":[{"count":26,"href":"https:\/\/psychologparadowska.pl\/index.php\/wp-json\/wp\/v2\/pages\/23\/revisions"}],"predecessor-version":[{"id":120,"href":"https:\/\/psychologparadowska.pl\/index.php\/wp-json\/wp\/v2\/pages\/23\/revisions\/120"}],"wp:attachment":[{"href":"https:\/\/psychologparadowska.pl\/index.php\/wp-json\/wp\/v2\/media?parent=23"}],"curies":[{"name":"wp","href":"https:\/\/api.w.org\/{rel}","templated":true}]}}