{"id":89,"date":"2023-01-16T16:16:05","date_gmt":"2023-01-16T15:16:05","guid":{"rendered":"https:\/\/psychologparadowska.pl\/?page_id=89"},"modified":"2023-01-16T16:54:14","modified_gmt":"2023-01-16T15:54:14","slug":"wsparcie-psychologiczne-doroslych","status":"publish","type":"page","link":"https:\/\/psychologparadowska.pl\/index.php\/wsparcie-psychologiczne-doroslych\/","title":{"rendered":"Wsparcie psychologiczne doros\u0142ych"},"content":{"rendered":"\n<ul>\n<li>wsparcie rodzic\u00f3w w radzeniu sobie z trudno\u015bciami wychowawczymi oraz umacnianiu wi\u0119zi emocjonalnej z dzie\u0107mi.<\/li>\n\n\n\n<li>trudno\u015bci osobiste w pracy lub w relacjach,&nbsp;<\/li>\n\n\n\n<li>ci\u0105g\u0142y stres,<\/li>\n\n\n\n<li>niska samoocena,<\/li>\n\n\n\n<li>brak satysfakcji z \u017cycia,<\/li>\n\n\n\n<li>blokady w podejmowaniu decyzji,<\/li>\n\n\n\n<li>problemy w adaptacji do nowej sytuacji (np. zmiany w relacjach, emigracja, narodziny dziecka, radzenie sobie z objawami choroby &#8211; w\u0142asnej lub bliskiej osoby).<\/li>\n<\/ul>\n","protected":false},"excerpt":{"rendered":"","protected":false},"author":1,"featured_media":0,"parent":0,"menu_order":0,"comment_status":"closed","ping_status":"closed","template":"","meta":{"footnotes":""},"yoast_head":"<!-- This site is optimized with the Yoast SEO plugin v22.3 - https:\/\/yoast.com\/wordpress\/plugins\/seo\/ -->\n<title>Wsparcie psychologiczne doros\u0142ych - psychologparadowska.pl<\/title>\n<meta name=\"robots\" content=\"index, follow, max-snippet:-1, max-image-preview:large, max-video-preview:-1\" \/>\n<link rel=\"canonical\" href=\"https:\/\/psychologparadowska.pl\/index.php\/wsparcie-psychologiczne-doroslych\/\" \/>\n<meta property=\"og:locale\" content=\"pl_PL\" \/>\n<meta property=\"og:type\" content=\"article\" \/>\n<meta property=\"og:title\" content=\"Wsparcie psychologiczne doros\u0142ych - psychologparadowska.pl\" \/>\n<meta property=\"og:url\" content=\"https:\/\/psychologparadowska.pl\/index.php\/wsparcie-psychologiczne-doroslych\/\" \/>\n<meta property=\"og:site_name\" content=\"psychologparadowska.pl\" \/>\n<meta property=\"article:modified_time\" content=\"2023-01-16T15:54:14+00:00\" \/>\n<meta name=\"twitter:card\" content=\"summary_large_image\" \/>\n<meta name=\"twitter:label1\" content=\"Szacowany czas czytania\" \/>\n\t<meta name=\"twitter:data1\" content=\"1 minuta\" \/>\n<script type=\"application\/ld+json\" class=\"yoast-schema-graph\">{\"@context\":\"https:\/\/schema.org\",\"@graph\":[{\"@type\":\"WebPage\",\"@id\":\"https:\/\/psychologparadowska.pl\/index.php\/wsparcie-psychologiczne-doroslych\/\",\"url\":\"https:\/\/psychologparadowska.pl\/index.php\/wsparcie-psychologiczne-doroslych\/\",\"name\":\"Wsparcie psychologiczne doros\u0142ych - psychologparadowska.pl\",\"isPartOf\":{\"@id\":\"https:\/\/psychologparadowska.pl\/#website\"},\"datePublished\":\"2023-01-16T15:16:05+00:00\",\"dateModified\":\"2023-01-16T15:54:14+00:00\",\"breadcrumb\":{\"@id\":\"https:\/\/psychologparadowska.pl\/index.php\/wsparcie-psychologiczne-doroslych\/#breadcrumb\"},\"inLanguage\":\"pl-PL\",\"potentialAction\":[{\"@type\":\"ReadAction\",\"target\":[\"https:\/\/psychologparadowska.pl\/index.php\/wsparcie-psychologiczne-doroslych\/\"]}]},{\"@type\":\"BreadcrumbList\",\"@id\":\"https:\/\/psychologparadowska.pl\/index.php\/wsparcie-psychologiczne-doroslych\/#breadcrumb\",\"itemListElement\":[{\"@type\":\"ListItem\",\"position\":1,\"name\":\"Strona g\u0142\u00f3wna\",\"item\":\"https:\/\/psychologparadowska.pl\/\"},{\"@type\":\"ListItem\",\"position\":2,\"name\":\"Wsparcie psychologiczne doros\u0142ych\"}]},{\"@type\":\"WebSite\",\"@id\":\"https:\/\/psychologparadowska.pl\/#website\",\"url\":\"https:\/\/psychologparadowska.pl\/\",\"name\":\"psychologparadowska.pl\",\"description\":\"psycholog - wsparcie dla dzieci, m\u0142odzie\u017cy i doros\u0142ych\",\"publisher\":{\"@id\":\"https:\/\/psychologparadowska.pl\/#\/schema\/person\/40069f7c5ba80d6a3e801dc43f68cb49\"},\"potentialAction\":[{\"@type\":\"SearchAction\",\"target\":{\"@type\":\"EntryPoint\",\"urlTemplate\":\"https:\/\/psychologparadowska.pl\/?s={search_term_string}\"},\"query-input\":\"required name=search_term_string\"}],\"inLanguage\":\"pl-PL\"},{\"@type\":[\"Person\",\"Organization\"],\"@id\":\"https:\/\/psychologparadowska.pl\/#\/schema\/person\/40069f7c5ba80d6a3e801dc43f68cb49\",\"name\":\"Magdalena Paradowska\",\"image\":{\"@type\":\"ImageObject\",\"inLanguage\":\"pl-PL\",\"@id\":\"https:\/\/psychologparadowska.pl\/#\/schema\/person\/image\/\",\"url\":\"https:\/\/psychologparadowska.pl\/wp-content\/uploads\/2022\/02\/Paradowska-Magdalena-1-Stoklosa-scaled.jpg\",\"contentUrl\":\"https:\/\/psychologparadowska.pl\/wp-content\/uploads\/2022\/02\/Paradowska-Magdalena-1-Stoklosa-scaled.jpg\",\"width\":1846,\"height\":2560,\"caption\":\"Magdalena Paradowska\"},\"logo\":{\"@id\":\"https:\/\/psychologparadowska.pl\/#\/schema\/person\/image\/\"},\"sameAs\":[\"http:\/\/psychologparadowska.pl\"]}]}<\/script>\n<!-- \/ Yoast SEO plugin. -->","yoast_head_json":{"title":"Wsparcie psychologiczne doros\u0142ych - psychologparadowska.pl","robots":{"index":"index","follow":"follow","max-snippet":"max-snippet:-1","max-image-preview":"max-image-preview:large","max-video-preview":"max-video-preview:-1"},"canonical":"https:\/\/psychologparadowska.pl\/index.php\/wsparcie-psychologiczne-doroslych\/","og_locale":"pl_PL","og_type":"article","og_title":"Wsparcie psychologiczne doros\u0142ych - psychologparadowska.pl","og_url":"https:\/\/psychologparadowska.pl\/index.php\/wsparcie-psychologiczne-doroslych\/","og_site_name":"psychologparadowska.pl","article_modified_time":"2023-01-16T15:54:14+00:00","twitter_card":"summary_large_image","twitter_misc":{"Szacowany czas czytania":"1 minuta"},"schema":{"@context":"https:\/\/schema.org","@graph":[{"@type":"WebPage","@id":"https:\/\/psychologparadowska.pl\/index.php\/wsparcie-psychologiczne-doroslych\/","url":"https:\/\/psychologparadowska.pl\/index.php\/wsparcie-psychologiczne-doroslych\/","name":"Wsparcie psychologiczne doros\u0142ych - psychologparadowska.pl","isPartOf":{"@id":"https:\/\/psychologparadowska.pl\/#website"},"datePublished":"2023-01-16T15:16:05+00:00","dateModified":"2023-01-16T15:54:14+00:00","breadcrumb":{"@id":"https:\/\/psychologparadowska.pl\/index.php\/wsparcie-psychologiczne-doroslych\/#breadcrumb"},"inLanguage":"pl-PL","potentialAction":[{"@type":"ReadAction","target":["https:\/\/psychologparadowska.pl\/index.php\/wsparcie-psychologiczne-doroslych\/"]}]},{"@type":"BreadcrumbList","@id":"https:\/\/psychologparadowska.pl\/index.php\/wsparcie-psychologiczne-doroslych\/#breadcrumb","itemListElement":[{"@type":"ListItem","position":1,"name":"Strona g\u0142\u00f3wna","item":"https:\/\/psychologparadowska.pl\/"},{"@type":"ListItem","position":2,"name":"Wsparcie psychologiczne doros\u0142ych"}]},{"@type":"WebSite","@id":"https:\/\/psychologparadowska.pl\/#website","url":"https:\/\/psychologparadowska.pl\/","name":"psychologparadowska.pl","description":"psycholog - wsparcie dla dzieci, m\u0142odzie\u017cy i doros\u0142ych","publisher":{"@id":"https:\/\/psychologparadowska.pl\/#\/schema\/person\/40069f7c5ba80d6a3e801dc43f68cb49"},"potentialAction":[{"@type":"SearchAction","target":{"@type":"EntryPoint","urlTemplate":"https:\/\/psychologparadowska.pl\/?s={search_term_string}"},"query-input":"required name=search_term_string"}],"inLanguage":"pl-PL"},{"@type":["Person","Organization"],"@id":"https:\/\/psychologparadowska.pl\/#\/schema\/person\/40069f7c5ba80d6a3e801dc43f68cb49","name":"Magdalena Paradowska","image":{"@type":"ImageObject","inLanguage":"pl-PL","@id":"https:\/\/psychologparadowska.pl\/#\/schema\/person\/image\/","url":"https:\/\/psychologparadowska.pl\/wp-content\/uploads\/2022\/02\/Paradowska-Magdalena-1-Stoklosa-scaled.jpg","contentUrl":"https:\/\/psychologparadowska.pl\/wp-content\/uploads\/2022\/02\/Paradowska-Magdalena-1-Stoklosa-scaled.jpg","width":1846,"height":2560,"caption":"Magdalena Paradowska"},"logo":{"@id":"https:\/\/psychologparadowska.pl\/#\/schema\/person\/image\/"},"sameAs":["http:\/\/psychologparadowska.pl"]}]}},"_links":{"self":[{"href":"https:\/\/psychologparadowska.pl\/index.php\/wp-json\/wp\/v2\/pages\/89"}],"collection":[{"href":"https:\/\/psychologparadowska.pl\/index.php\/wp-json\/wp\/v2\/pages"}],"about":[{"href":"https:\/\/psychologparadowska.pl\/index.php\/wp-json\/wp\/v2\/types\/page"}],"author":[{"embeddable":true,"href":"https:\/\/psychologparadowska.pl\/index.php\/wp-json\/wp\/v2\/users\/1"}],"replies":[{"embeddable":true,"href":"https:\/\/psychologparadowska.pl\/index.php\/wp-json\/wp\/v2\/comments?post=89"}],"version-history":[{"count":1,"href":"https:\/\/psychologparadowska.pl\/index.php\/wp-json\/wp\/v2\/pages\/89\/revisions"}],"predecessor-version":[{"id":90,"href":"https:\/\/psychologparadowska.pl\/index.php\/wp-json\/wp\/v2\/pages\/89\/revisions\/90"}],"wp:attachment":[{"href":"https:\/\/psychologparadowska.pl\/index.php\/wp-json\/wp\/v2\/media?parent=89"}],"curies":[{"name":"wp","href":"https:\/\/api.w.org\/{rel}","templated":true}]}}